st the prime factors of 1418/12 + (-7)/t.
2, 59
Suppose 2*j = -5*i - 22, 5 = j - 5*i - 14. Let n(x) = -x**2 - 16*x + 3. Let w be n(-16). List the prime factors of j - (w + -34 + 3).
3
Let g = 28 + -34. List the prime factors of (-1532)/(-44) - g/33.
5, 7
Suppose -3*p - 18 = -0*s + s, p = -3*s - 22. Let w be s/(1 - (-10)/(-4)). Suppose -w*q + 48 = -2*q. List the prime factors of q.
2, 3
Let x = -16 + 19. Suppose x*p = -3*p + 90. What are the prime factors of p?
3, 5
Let u(o) = 4*o**2 - 12*o + 19. List the prime factors of u(10).
13, 23
Suppose 0 = -5*n + 5*v + 560, 2*v - 588 = -6*n + n. Let m = n + 76. What are the prime factors of m?
2, 3
Let n(f) = 117*f - 98. List the prime factors of n(6).
2, 151
Suppose 0 = -89*k + 265592 + 133840. List the prime factors of k.
2, 3, 11, 17
Let m(x) = 2*x**2 - x + 607. List the prime factors of m(0).
607
Let j(b) = 2*b**2 + 2. Let z be j(1). Suppose 0 = -2*f - z*v + 254, 4*f - 3*v + 5*v = 514. What are the prime factors of f?
3, 43
Let p(n) = -n + 5. Let b be p(3). Let z be 90/20 + 1/b. What are the prime factors of 16/40 + 23/z?
5
Suppose -618 - 298 = -4*w. Suppose -929 + w = -5*t. Suppose 0 = 4*u - 0*c - 4*c - t, u = -3*c + 27. List the prime factors of u.
3, 11
Let y(b) = 6*b - 14. Let u be y(5). Suppose u*g - 20*g + 44 = 0. What are the prime factors of g?
11
Let w = 1627 - 642. Suppose w + 831 = 8*r. List the prime factors of r.
227
Suppose 74 - 19 = 5*q. Let r = 61 - q. What are the prime factors of r?
2, 5
Let n be 1556/28 - (-8)/(-14). Suppose -n = 2*f - 277. Let a = 155 - f. List the prime factors of a.
2, 11
Suppose 3*m - 2 - 19 = 0. Let k(v) = -6*v**2 + 7*v - 13. Let h(g) = 5*g**2 - 7*g + 13. Let a(w) = 5*h(w) + 4*k(w). List the prime factors of a(m).
13
Let b = 18 - 18. Let y(w) = w**2 + 2*w + 58. List the prime factors of y(b).
2, 29
Let t(v) = 4*v - 51. Let s be t(-26). Let d = -19 - s. What are the prime factors of d?
2, 17
Let f be (-1785)/(-14) + 1/(-2*1). Let z = 196 - f. List the prime factors of z.
3, 23
Suppose -1490 = f - 4*f + 4*u, -2*f + 994 = -3*u. What are the prime factors of f?
2, 13, 19
Let y(d) be the third derivative of d**5/30 - 7*d**4/24 + 2*d**3/3 - 7*d**2. Let f be y(4). What are the prime factors of (14/f)/((-4)/(-48))?
3, 7
Let h(t) = -22 + 23*t + 24*t - 34*t. List the prime factors of h(9).
5, 19
Let u be (-2)/(-10) + (-98)/(-35). Suppose x + u*x + 21 = 3*w, -2*w - 5*x = -37. Let g = w - -5. What are the prime factors of g?
2
Suppose -139 = -r - 45. Let a = 158 - r. Suppose -c - 2*y - 54 = -5*c, -4*y = -4*c + a. What are the prime factors of c?
11
Suppose 28*q + 11 = 27*q. Let g = -5 - q. Let m(f) = f**3 - 6*f**2 + 8*f - 2. List the prime factors of m(g).
2, 23
Let f be 1 + (-33)/(-4) - 6/24. Suppose 10*s - 86 = f*s. What are the prime factors of s?
2, 43
Let m(n) = -n**2 + 11*n + 16. Let j(q) = q**3 + 5*q**2 - 8*q. Let o be j(-6). Let w be m(o). Suppose w*b - 100 - 80 = 0. List the prime factors of b.
3, 5
Suppose 50 = -4*h - z - 4*z, 2*h - 4*z = -38. Let u = h - -20. What are the prime factors of (u*-2)/(14/(-35))?
5
Suppose 0*c + 26 = 2*c - 2*r, -c + 2*r = -14. Let w be (2/3)/((-2)/c). What are the prime factors of 2/w + (-201)/(-6)?
3, 11
Let j = -98 + 59. Let n be (-16)/(-16)*(2 - 10/2). Let o = n - j. What are the prime factors of o?
2, 3
Let c = -110 - -160. Let m = c + -35. List the prime factors of m.
3, 5
Suppose -66*q + 7644 = -53*q. List the prime factors of q.
2, 3, 7
Let h(p) = -2*p**2 - 17*p - 14. Suppose -5*i + 24 = -9*i. What are the prime factors of h(i)?
2
Let z(p) = -p**3 + 6*p**2 - 4*p + 5. Let v be z(4). Suppose v = 3*q - 33. Let m = q - -14. List the prime factors of m.
2
Let z(p) = -p**3 + p + 2. Let k be z(0). Let w be (2 - -3 - k)/1. Suppose -w*u = -24 - 24. What are the prime factors of u?
2
What are the prime factors of 1 - -3 - (-1006 - 102/6)?
13, 79
Let g be 40/12 + (-1)/3. Let t(z) = -28*z**3 - 3. Let u be t(g). What are the prime factors of u/(-55) + (-2)/(-10)?
2, 7
Suppose -2*i + 3*i = -3*d + 485, 2 = i. List the prime factors of d.
7, 23
Let v(w) = -38*w + 14. What are the prime factors of v(-4)?
2, 83
Suppose -r + 4*m + 10 = 0, -2*r - 11 = 2*r + m. What are the prime factors of 689/13*(r + (7 - 2))?
3, 53
Let c = -1562 + 3478. List the prime factors of c.
2, 479
Let z = 9072 + -5275. What are the prime factors of z?
3797
Let i = -503 - -1180. What are the prime factors of i?
677
Suppose 10*u = u - 27. What are the prime factors of 0 - -103 - (-5 - u)?
3, 5, 7
Suppose 15 + 49 = -2*y. Let q = 15 + y. Let r = q - -35. List the prime factors of r.
2, 3
Let s = 50 - -151. What are the prime factors of s?
3, 67
Let a be ((-10)/15 + 1)*9. Suppose -a*r + 205 = 2*r. List the prime factors of r.
41
Let d be ((-8)/(-10))/(3/90). What are the prime factors of d/36 + 169/3?
3, 19
Let m = 508 - 303. What are the prime factors of m?
5, 41
Suppose 4*a = 2*m + 10, -3*m + 1 = -a - 4. Suppose -i + m*c = -42, -c - c = -6. What are the prime factors of i?
3, 17
Let q(l) = -91*l - 2*l - 26 + 23. What are the prime factors of q(-1)?
2, 3, 5
Let w be 3/5 - (-354)/10. Suppose -a + 92 = -5*l, 2*l - 100 = -2*a + w. What are the prime factors of a?
2, 3
Let p be (57/2)/((-4)/8). Let x be ((-8)/(-6))/(2/p). Let m = -9 - x. List the prime factors of m.
29
What are the prime factors of 20/(-50)*(-11690)/4?
7, 167
Suppose -53*p + 48*p = 0. Suppose 10 = i + 3*x - p*x, -5*i - 5*x = -90. What are the prime factors of i?
2, 11
Let z(f) = 7*f + 3. Let p be z(3). Suppose 3*o - 5*o + p = 0. Suppose -c - o = -5*c. List the prime factors of c.
3
Let w = 21 - 1. Let n(c) = c**2 - 19*c - 8. List the prime factors of n(w).
2, 3
Let k(l) = 132*l - 274. List the prime factors of k(10).
2, 523
Suppose 2624 = 129*m - 125*m. List the prime factors of m.
2, 41
Let b(k) = 3*k. Let g be b(-4). Let c = g - -11. Let l = 10 - c. List the prime factors of l.
11
Suppose 0 = 5*a + 2*f - 1395 - 1463, -4*a = -4*f - 2264. Suppose -a = -n - 5*n. List the prime factors of n.
5, 19
Suppose -137 = -5*w - 3*r, -5*w - r + 105 = -6*r. Let h be 1140/w - 6/10. Suppose -2*t + 5*k + h = 0, 0 = 6*t - t - 3*k - 103. List the prime factors of t.
2, 5
Let k(w) = -w**3 - 39*w**2 - 41*w - 89. List the prime factors of k(-38).
5
Let g = -3137 - -4866. What are the prime factors of g?
7, 13, 19
Let v = 128 - 38. Suppose -3*h - v = -8*h - 5*r, 4*r + 72 = 4*h. What are the prime factors of h?
2, 3
Let y be -2 + ((-364)/65)/(2/(-50)). Let c = 206 - y. List the prime factors of c.
2, 17
Let l = 28 + -22. Let g be l/(-15)*3*-15. Suppose 4*o = g + 146. List the prime factors of o.
41
List the prime factors of 1*237 + (1 - 4)/1.
2, 3, 13
Let z(w) = w**2 - 2*w + 72. List the prime factors of z(16).
2, 37
Suppose 0*y = y + 5*u - 41, 0 = 5*y + 4*u - 100. Suppose 11*h - y*h = 1025. What are the prime factors of (h/15)/((-2)/6)?
41
Suppose 3*n - 33 = i, -3*i = 2*n + 5 + 39. What are the prime factors of 6344/36 + 4/i?
2, 11
Suppose 4 = -4*j + 2*z, -17 = -0*j - j - 4*z. List the prime factors of 3*j - (-405)/9.
2, 3
Let b be (-1 + (-35)/(-25))*15. Let j be ((-2)/b)/((-5)/45). Suppose -j*w + c + c = -32, c = 3*w - 34. What are the prime factors of w?
2, 3
Let o = 18 + -13. Suppose -4*u = -u. Suppose u = -13*z + o*z + 176. List the prime factors of z.
2, 11
Suppose 10*i - 2439 = i. List the prime factors of i.
271
Let m(w) = -w**3 - 12*w**2 + 13*w. Let z be m(-13). Suppose z = 5*u + 10 - 75. List the prime factors of u.
13
Let b(c) = c - 9. Let w be b(13). List the prime factors of (-1)/(w/(-188) - 0).
47
Let t = -379 - -263. Suppose 3*w + 249 = -5*d, -2*d - 75 = w + 25. Let g = d - t. What are the prime factors of g?
5, 13
Let d(l) = l**3 - 3*l**2 - 4. Let v be d(0). What are the prime factors of (90/(-4))/(2/v)?
3, 5
Suppose 2*a = -11 + 1, -4*a = 5*w + 110. Let b = w + 14. List the prime factors of b/(-14) - 1180/(-35).
2, 17
Suppose 0*m + 2*m - 2*b - 58 = 0, 3*b = 0. Let i be m/2 - (-6)/(-12). What are the prime factors of 2460/70 - 2/i?
5, 7
Let d be (-3)/7 - 275/77. Let q be 4 - 3/(-3)*d. Suppose q = -2*z - 4*y + 3 + 27, -4*z - 5*y = -48. What are the prime factors of z?
7
Let m be 4/6 + 2 + 153/(-27). Let a = 226 - m. What are the prime factors of a?
229
Suppose 5*p + 75 = 4*q, -19 - 17 = p - 5*q. Let y be (6/2 - (-